be6b?
1cbe5c
In base 10, what is 2847351 + -95?
2847256
In base 7, what is 6 + 151315636?
151315645
In base 8, what is -1076 + 41050?
37752
In base 16, what is -2e - -464509?
4644db
In base 7, what is -2444446 - 2323?
-2450102
In base 13, what is -9584aa00 - -3?
-9584a9ca
In base 6, what is -1 + 121014331?
121014330
In base 10, what is 860 + 37480?
38340
In base 14, what is -c300 - -36?
-c2a8
In base 12, what is -5 + 18981627?
18981622
In base 4, what is 111330033 - 2111?
111321322
In base 12, what is -6 - -142a60?
142a56
In base 2, what is 100111000 + 1111001010101?
1111110001101
In base 5, what is 113031 + 1203?
114234
In base 8, what is 45753552 - -5?
45753557
In base 4, what is -12 - -130222100033?
130222100021
In base 11, what is 2 - a5121428?
-a5121426
In base 14, what is 318 + 9d6d?
a287
In base 7, what is 33505 - -61416?
125224
In base 12, what is 4211229 - 3?
4211226
In base 4, what is -322303011012 - 10?
-322303011022
In base 5, what is -122 - 10120?
-10242
In base 10, what is -2 + -6212135?
-6212137
In base 6, what is 425123525 + 2?
425123531
In base 7, what is 3 - 354264464?
-354264461
In base 12, what is 167366 - 384?
166ba2
In base 6, what is 0 + -202223532?
-202223532
In base 5, what is -30111424341 - -43?
-30111424243
In base 2, what is -1100100000011101100110 - -11?
-1100100000011101100011
In base 16, what is -1 - 2afeddd?
-2afedde
In base 11, what is 131 + -a1497?
-a1366
In base 12, what is -3 - 320934?
-320937
In base 7, what is -11 - -45346562?
45346551
In base 15, what is 3 + 144e03aa?
144e03ad
In base 3, what is 21120 + -111120212100?
-111120120210
In base 14, what is -4dc + -4a7a8?
-4aca6
In base 10, what is 93 + -95351?
-95258
In base 3, what is -120 - 1222102110000?
-1222102110120
In base 7, what is -12626024655 + -5?
-12626024663
In base 9, what is -423 - 124216?
-124640
In base 14, what is 49950a6 + -17?
499508d
In base 2, what is 110111000 - 1101001010011010?
-1101000011100010
In base 10, what is 4 - -63851374?
63851378
In base 7, what is 556100 + 14651?
604051
In base 14, what is 3d2b - -559?
4486
In base 4, what is -2232 - -1312312122?
1312303230
In base 15, what is d78 - -b69d?
c526
In base 3, what is -210 + 222200000000?
222122222020
In base 13, what is -717ca + -2a0?
-71a9a
In base 7, what is 265313131 - 5?
265313123
In base 15, what is 5a0b5 - -10?
5a0c5
In base 13, what is c7 - -159c9?
15ac3
In base 14, what is -a + -4a76?
-4a82
In base 15, what is 2558c - -105?
25692
In base 10, what is -16090677 + -5?
-16090682
In base 14, what is -7a0c01 + -3?
-7a0c04
In base 6, what is -144 - -1020520233?
1020520045
In base 15, what is 486 - 154e?
-10b8
In base 7, what is 41420 + -5224?
33163
In base 5, what is 43331113 - -304?
43331422
In base 13, what is -490 + 9a90?
9600
In base 9, what is -348 + 1067547?
1067188
In base 12, what is -62865b + -a?
-628669
In base 7, what is 1341 - -4331243?
4332614
In base 16, what is 12 + 173085?
173097
In base 8, what is -14 + 61142?
61126
In base 14, what is 76a3a33 - -1?
76a3a34
In base 10, what is -14 + -343965?
-343979
In base 8, what is -15254577 - 4?
-15254603
In base 4, what is 212110 - 2112323?
-1300213
In base 12, what is -2ab - 46a89?
-47178
In base 16, what is -e + 114a6?
11498
In base 11, what is 12 - 356738?
-356726
In base 7, what is 30561150 - -320?
30561500
In base 9, what is -1430120 - 10?
-1430130
In base 3, what is -1212212 + -120200022?
-122120011
In base 3, what is -210012211001020 - 1?
-210012211001021
In base 6, what is -1 - 3234134205?
-3234134210
In base 12, what is 56 + 9a109b?
9a1135
In base 8, what is -220 - 151603?
-152023
In base 12, what is 1077a8 - -479?
108065
In base 7, what is 15241 + -45156?
-26615
In base 7, what is -412065463 + 20?
-412065443
In base 10, what is 6828815 - -1?
6828816
In base 5, what is -30444342 - -11302?
-30433040
In base 15, what is 701b00d2 + -4?
701b00cd
In base 7, what is -15362363 + -14?
-15362410
In base 9, what is -3137527 + 203?
-3137324
In base 3, what is -2000102010220111111 - -10?
-2000102010220111101
In base 4, what is -100131 - 1131101320?
-1131202111
In base 13, what is 1 + 8489b22?
8489b23
In base 16, what is -51e4e2 - -7?
-51e4db
In base 7, what is 34016405 + -263?
34016112
In base 7, what is -13102 + 2345?
-10424
In base 7, what is -3 - 5154354164?
-5154354200
In base 12, what is -1782 + 1a8359?
1a6797
In base 4, what is 30223 + 21303?
112132
In base 5, what is -24334103 - -10142?
-24323411
In base 12, what is -157b2b - -57?
-157a94
In base 15, what is 12cc3 + -210?
12ab3
In base 7, what is -1314246604 - 1?
-1314246605
In base 10, what is -2 + -2002098?
-2002100
In base 11, what is 1086 - -2097?
3172
In base 11, what is 0 - 330109?
-330109
In base 16, what is -d41 + 2ac?
-a95
In base 5, what is -14411043 - -2101?
-14403442
In base 12, what is -76 - 10a25?
-10a9b
In base 2, what is -100000000100011 + 1001110010?
-11110110110001
In base 3, what is -222 + 222000222201111?
222000222200112
In base 14, what is 2dcc05 + -61?
2dcb84
In base 4, what is 123321 + 11000222?
11130203
In base 6, what is 2 + 132534135?
132534141
In base 10, what is -26367 + -40?
-26407
In base 8, what is -43750 - -11561?
-32167
In base 3, what is 112110010122222101 + -11?
112110010122222020
In base 13, what is -37a9257 - 3?
-37a925a
In base 10, what is 40375 - -15392?
55767
In base 16, what is 67c - -abe?
113a
In base 8, what is -2 - 103266223?
-103266225
In base 16, what is 5 - 91b3b?
-91b36
In base 16, what is 5 - -f577b?
f5780
In base 16, what is 1fb48804 + -5?
1fb487ff
In base 6, what is 30211 + 1344?
31555
In base 13, what is 2c8 + 3b173c?
3b1a37
In base 2, what is -100 - 1110011111110111110000010010?
-1110011111110111110000010110
In base 9, what is 327570 + -61?
327508
In base 11, what is -3 - 1794a78?
-1794a80
In base 16, what is -7970c9 + -2?
-7970cb
In base 10, what is -109 - -691904?
691795
In base 6, what is 5 + 53100332503?
53100332512
In base 7, what is -36313 + 1501?
-34512
In base 12, what is -15843 - -19a?
-15665
In base 11, what is -370 + 55519?
55159
In base 14, what is 2613659 - -1?
261365a
In base 10, what is -4 - 4884407?
-4884411
In base 12, what is 48b344 - -4?
48b348
In base 10, what is 49291173 - 3?
49291170
In base 12, what is 36b3 + 131?
3824
In base 13, what is 332c3 - -c9b?
34291
In base 14, what is -576cb + 10c?
-575bd
In base 10, what is 4147688 - 69?
4147619
In base 16, what is -3a + -1042e?
-10468
In base 6, what is 333 + 113445?
114222
In base 16, what is -36d2ec - 4?
-36d2f0
In base 12, what is 2 + -b021697?
-b021695
In base 3, what is -2 + -101020200221001?
-101020200221010
In base 8, what is 600430247 + 0?
600430247
In base 6, what is -215042225 - 2?
-215042231
In base 14, what is -2c45012 + 0?
-2c45012
In base 4, what is 22211222213 + 1?
22211222220
In base 14, what is -16 + -bc3523?
-bc3539
In base 7, what is -10 + -2104430122?
-2104430132
In base 12, what is 7 + -89a3a2?
-89a397
In base 5, what is -22114433 + 21?
-22114412
In base 5, what is -2011132132 + 3?
-2011132124
In base 6, what is 1445 + 30022454?
30024343
In base 9, what is 1127 - 8455?
-7327
In base 10, what is 2 + -15829860?
-15829858
In base 16, what is 1746 - -3262?
49a8
In base 14, what is 0 + 10a43070?
10a43070
In base 9, what is 6813 - 1706?
5106
In base 11, what is 19337302 - -3?
19337305
In base 16, what is -130 + -7aceb?
-7ae1b
In base 8, what is -32 + 1340055?
1340023
In base 12, what is -5 - -72a49a?
72a495
In base 2, what is -101 + 101001111011110010010001101?
101001111011110010010001000
In base 6, what is 133 + -1405432?
-1405255
In base 11, what is -319 + 51a03?
51695
In base 16, what is -b + -1b0f28?
-1b0f33
In base 2, what is 111111111001001 + -110001101101110?
1110001011011
In base 13, what is 106396903 - 4?
1063968cc
In base 11, what is 54a32 - -54?
54a86
In base 5, what is 10 - -3243124043?
3243124103
In base 6, what is 4315041051 - -32?
4315041123
In base 15, what is c1028 + -26?
c1002
In base 10, what is 288 + -76655?
-76367
In base 3, what is 21012 - 10122022121?
-10122001102
In base 14, what is 100a380 + 34?
100a3b4
In base 9, what is 24 + 753655?
753680
In base 7, what is -100003 - -55?
-66615
In base 2, what is 10100110011011111000110001110 + 101?
10100110011011111000110010011
In base 6, what is -4053411252 + -4?
-4